{"id":6746,"date":"2023-08-21T11:48:13","date_gmt":"2023-08-21T09:48:13","guid":{"rendered":"https:\/\/carlofon-shop.de\/shop\/?post_type=product&#038;p=6746"},"modified":"2025-01-21T12:19:11","modified_gmt":"2025-01-21T11:19:11","slug":"styrolfrei-poly-star-sf-rapid-spachtel-13-kg-dose-inkl-haerter","status":"publish","type":"product","link":"https:\/\/carlofon-shop.de\/shop\/produkt\/styrolfrei-poly-star-sf-rapid-spachtel-13-kg-dose-inkl-haerter\/","title":{"rendered":"Styrolfrei! Poly-Star SF Rapid, Spachtel 1,3 kg Dose, inkl. H\u00e4rter &#8211; neu!"},"content":{"rendered":"<p>VPE = 6 St\u00fcck<br \/>\nPolyesterleichtspachtel 1,3 kg inkl. H\u00e4rter<\/p>\n<ul>\n<li>styrolfrei<\/li>\n<li>Farbver\u00e4nderung w\u00e4hrend der Aush\u00e4rtungsphase von Blau zu Grau<\/li>\n<li>sehr leicht zu applizieren auf Grund seiner cremigen Konsistenz<\/li>\n<li>thixotrop eingestellt<\/li>\n<li>porenfrei und leicht zu applizieren<\/li>\n<li>bis zu 40% schnellere Trocknung<\/li>\n<li>perfekte Schleifbarkeit bereits ab Korn P150<\/li>\n<\/ul>\n<p>Haftung auf Stahl, Aluminium, verzinktes Blech, GFK, 2-K Polyesterspachtel, Holz.<br \/>\nZum F\u00fcllen von kleinen bis gro\u00dfen Unebenheiten, Kratzern und Schleifspuren.<\/p>\n<p>VOC-Gehalt: &lt; 250 g\/l<\/p>\n<p>Die Zugabe von 3 Gew.% H\u00e4rterpaste darf nicht \u00fcberschritten werden. \u00dcberdosierung vermeiden, da unerw\u00fcnschte Farbtonver\u00e4nderungen oder Durchbluten auftreten k\u00f6nnen.<\/p>\n<p>UNTERGRUND<br \/>\nDer Untergrund muss sauber, trocken und fettfrei sein. Eine sehr gute Haftung wird auf allen grob angeschliffenen Untergr\u00fcnden, wie z. B. Metalle, H\u00f6lzer und Polyesterlaminaten (nicht bei<br \/>\nthermoplastischen Systemen) erreicht.<br \/>\nAufgrund der unterschiedlichen Beschaffenheit von Metallen und Legierungen kann eine Direkthaftung auf entsprechenden Untergr\u00fcnden nicht immer vorausgesetzt werden. Es empfiehlt sich ein Vorversuch, um die Kompatibilit\u00e4t des Materials und die Eignung sicher zu stellen.<\/p>\n<p>TROCKENZEIT<br \/>\nBei einer Raumtemperatur von ca. 18-20\u00b0C. betr\u00e4gt die Wartezeit 12-15 Minuten, bis die gespachtelte Fl\u00e4che weiterbearbeitet werden kann. W\u00e4rme verk\u00fcrzt, K\u00e4lte verl\u00e4ngert die Trocken- bzw.\u00a0 Aush\u00e4rtezeit.<\/p>\n","protected":false},"excerpt":{"rendered":"<p>VPE = 6 St\u00fcck Polyesterleichtspachtel 1,3 kg inkl. H\u00e4rter styrolfrei Farbver\u00e4nderung w\u00e4hrend der Aush\u00e4rtungsphase von Blau zu Grau sehr leicht zu applizieren auf Grund seiner cremigen Konsistenz thixotrop eingestellt porenfrei und leicht zu applizieren bis zu 40% schnellere Trocknung perfekte Schleifbarkeit bereits ab Korn P150 Haftung auf Stahl, Aluminium, verzinktes Blech, GFK, 2-K Polyesterspachtel, Holz. [&hellip;]<\/p>\n","protected":false},"featured_media":6783,"template":"","meta":{"_et_pb_use_builder":"","_et_pb_old_content":"","_et_gb_content_width":""},"product_brand":[],"product_cat":[36],"product_tag":[1934,1332,1490,1932,1940,1500,1933],"class_list":{"0":"post-6746","1":"product","2":"type-product","3":"status-publish","4":"has-post-thumbnail","6":"product_cat-spachtel-und-fueller","7":"product_tag-1934","8":"product_tag-carlofon","9":"product_tag-haerter","10":"product_tag-poly-star","11":"product_tag-reach","12":"product_tag-spachtel","13":"product_tag-styrolfrei","15":"first","16":"onbackorder","17":"taxable","18":"shipping-taxable","19":"product-type-simple"},"_links":{"self":[{"href":"https:\/\/carlofon-shop.de\/shop\/wp-json\/wp\/v2\/product\/6746","targetHints":{"allow":["GET"]}}],"collection":[{"href":"https:\/\/carlofon-shop.de\/shop\/wp-json\/wp\/v2\/product"}],"about":[{"href":"https:\/\/carlofon-shop.de\/shop\/wp-json\/wp\/v2\/types\/product"}],"wp:featuredmedia":[{"embeddable":true,"href":"https:\/\/carlofon-shop.de\/shop\/wp-json\/wp\/v2\/media\/6783"}],"wp:attachment":[{"href":"https:\/\/carlofon-shop.de\/shop\/wp-json\/wp\/v2\/media?parent=6746"}],"wp:term":[{"taxonomy":"product_brand","embeddable":true,"href":"https:\/\/carlofon-shop.de\/shop\/wp-json\/wp\/v2\/product_brand?post=6746"},{"taxonomy":"product_cat","embeddable":true,"href":"https:\/\/carlofon-shop.de\/shop\/wp-json\/wp\/v2\/product_cat?post=6746"},{"taxonomy":"product_tag","embeddable":true,"href":"https:\/\/carlofon-shop.de\/shop\/wp-json\/wp\/v2\/product_tag?post=6746"}],"curies":[{"name":"wp","href":"https:\/\/api.w.org\/{rel}","templated":true}]}}