{"id":4355,"date":"2021-07-01T19:11:51","date_gmt":"2021-07-01T17:11:51","guid":{"rendered":"https:\/\/carlofon-shop.de\/shop\/produkt\/3850-77b-combi-wax-braun-1-l-dose\/"},"modified":"2025-09-23T16:05:54","modified_gmt":"2025-09-23T14:05:54","slug":"3850-77b-combi-wax-braun-1-l-dose","status":"publish","type":"product","link":"https:\/\/carlofon-shop.de\/shop\/produkt\/3850-77b-combi-wax-braun-1-l-dose\/","title":{"rendered":"3850 \/ 77B Combi-Wax braun"},"content":{"rendered":"<p>Thixotropes Korrosionsschutzwachs. F\u00fcr Oberfl\u00e4chen<\/p>\n<p>und Hohlr\u00e4ume. Ergibt z\u00e4hen, elastischen,<\/p>\n<p>wachsartigen, braunen Schutzfilm. Erstklassig auch<\/p>\n<p>als Schutz w\u00e4hrend Transport und Lagerung.<\/p>\n<p>VPE 12<\/p>\n<p>An underbody protection for vehicles, also suitable as<\/p>\n<p>transport protection under corrosive circumstances.<\/p>\n<p>Provides a hard, thick, light brown and waxy film which<\/p>\n<p>ensures longterm corrosion protection as well as<\/p>\n<p>protection against mechanical abrasion.<\/p>\n","protected":false},"excerpt":{"rendered":"<p>Thixotropes Korrosionsschutzwachs. F\u00fcr Oberfl\u00e4chen und Hohlr\u00e4ume. Ergibt z\u00e4hen, elastischen, wachsartigen, braunen Schutzfilm. Erstklassig auch als Schutz w\u00e4hrend Transport und Lagerung. VPE 12 An underbody protection for vehicles, also suitable as transport protection under corrosive circumstances. Provides a hard, thick, light brown and waxy film which ensures longterm corrosion protection as well as protection against mechanical [&hellip;]<\/p>\n","protected":false},"featured_media":3973,"template":"","meta":{"_et_pb_use_builder":"","_et_pb_old_content":"","_et_gb_content_width":""},"product_brand":[],"product_cat":[1978],"product_tag":[1455,1457,1456,1460,1332,1459,1450,1458],"class_list":{"0":"post-4355","1":"product","2":"type-product","3":"status-publish","4":"has-post-thumbnail","6":"product_cat-korrosionsschutz","7":"product_tag-1455","8":"product_tag-77-b","9":"product_tag-77b","10":"product_tag-braun","11":"product_tag-carlofon","12":"product_tag-combi-wax","13":"product_tag-wachs","14":"product_tag-wax","16":"first","17":"instock","18":"taxable","19":"shipping-taxable","20":"product-type-variable"},"_links":{"self":[{"href":"https:\/\/carlofon-shop.de\/shop\/wp-json\/wp\/v2\/product\/4355","targetHints":{"allow":["GET"]}}],"collection":[{"href":"https:\/\/carlofon-shop.de\/shop\/wp-json\/wp\/v2\/product"}],"about":[{"href":"https:\/\/carlofon-shop.de\/shop\/wp-json\/wp\/v2\/types\/product"}],"wp:featuredmedia":[{"embeddable":true,"href":"https:\/\/carlofon-shop.de\/shop\/wp-json\/wp\/v2\/media\/3973"}],"wp:attachment":[{"href":"https:\/\/carlofon-shop.de\/shop\/wp-json\/wp\/v2\/media?parent=4355"}],"wp:term":[{"taxonomy":"product_brand","embeddable":true,"href":"https:\/\/carlofon-shop.de\/shop\/wp-json\/wp\/v2\/product_brand?post=4355"},{"taxonomy":"product_cat","embeddable":true,"href":"https:\/\/carlofon-shop.de\/shop\/wp-json\/wp\/v2\/product_cat?post=4355"},{"taxonomy":"product_tag","embeddable":true,"href":"https:\/\/carlofon-shop.de\/shop\/wp-json\/wp\/v2\/product_tag?post=4355"}],"curies":[{"name":"wp","href":"https:\/\/api.w.org\/{rel}","templated":true}]}}