{"id":4337,"date":"2021-07-01T19:11:42","date_gmt":"2021-07-01T17:11:42","guid":{"rendered":"https:\/\/carlofon-shop.de\/shop\/produkt\/81-korrosionsschutzwachs-20-l-kanne\/"},"modified":"2025-03-17T11:07:40","modified_gmt":"2025-03-17T10:07:40","slug":"81-korrosionsschutzwachs-20-l-kanne","status":"publish","type":"product","link":"https:\/\/carlofon-shop.de\/shop\/produkt\/81-korrosionsschutzwachs-20-l-kanne\/","title":{"rendered":"Carlofon 81 Korrosionsschutzwachs"},"content":{"rendered":"<p>Industrieller Korrosionsschutz f\u00fcr alle Oberfl\u00e4chen, ergibt einen d\u00fcnnen, transparenten, grifffesten Schutzfilm.<\/p>\n<p>Bei gr\u00f6\u00dferen Gebinden ab 20 Liter bitte Lieferzeit und Preis anfragen.<\/p>\n<p>Art.-Nummern:<br \/>\n40112 &#8211; 1 Liter<br \/>\n40113 &#8211; Spray<br \/>\n40235 &#8211; 20 Liter<br \/>\n40236 &#8211; 60 Liter<br \/>\n40237 &#8211; 208 Liter<\/p>\n<p>Transparent corrosion prevention. Excellent when a decorative, colourless, transparent, tack free film is required.<\/p>\n","protected":false},"excerpt":{"rendered":"<p>Industrieller Korrosionsschutz f\u00fcr alle Oberfl\u00e4chen, ergibt einen d\u00fcnnen, transparenten, grifffesten Schutzfilm. Bei gr\u00f6\u00dferen Gebinden ab 20 Liter bitte Lieferzeit und Preis anfragen. Art.-Nummern: 40112 &#8211; 1 Liter 40113 &#8211; Spray 40235 &#8211; 20 Liter 40236 &#8211; 60 Liter 40237 &#8211; 208 Liter Transparent corrosion prevention. Excellent when a decorative, colourless, transparent, tack free film is [&hellip;]<\/p>\n","protected":false},"featured_media":6951,"template":"","meta":{"_et_pb_use_builder":"","_et_pb_old_content":"","_et_gb_content_width":""},"product_brand":[],"product_cat":[1978],"product_tag":[1480,1332,1439],"class_list":{"0":"post-4337","1":"product","2":"type-product","3":"status-publish","4":"has-post-thumbnail","6":"product_cat-korrosionsschutz","7":"product_tag-1480","8":"product_tag-carlofon","9":"product_tag-korrosionsschutz","11":"first","12":"instock","13":"taxable","14":"shipping-taxable","15":"product-type-variable"},"_links":{"self":[{"href":"https:\/\/carlofon-shop.de\/shop\/wp-json\/wp\/v2\/product\/4337","targetHints":{"allow":["GET"]}}],"collection":[{"href":"https:\/\/carlofon-shop.de\/shop\/wp-json\/wp\/v2\/product"}],"about":[{"href":"https:\/\/carlofon-shop.de\/shop\/wp-json\/wp\/v2\/types\/product"}],"wp:featuredmedia":[{"embeddable":true,"href":"https:\/\/carlofon-shop.de\/shop\/wp-json\/wp\/v2\/media\/6951"}],"wp:attachment":[{"href":"https:\/\/carlofon-shop.de\/shop\/wp-json\/wp\/v2\/media?parent=4337"}],"wp:term":[{"taxonomy":"product_brand","embeddable":true,"href":"https:\/\/carlofon-shop.de\/shop\/wp-json\/wp\/v2\/product_brand?post=4337"},{"taxonomy":"product_cat","embeddable":true,"href":"https:\/\/carlofon-shop.de\/shop\/wp-json\/wp\/v2\/product_cat?post=4337"},{"taxonomy":"product_tag","embeddable":true,"href":"https:\/\/carlofon-shop.de\/shop\/wp-json\/wp\/v2\/product_tag?post=4337"}],"curies":[{"name":"wp","href":"https:\/\/api.w.org\/{rel}","templated":true}]}}