{"id":3354,"date":"2021-07-01T17:55:19","date_gmt":"2021-07-01T15:55:19","guid":{"rendered":"https:\/\/carlofon-shop.de\/shop\/produkt\/kuehler-reiniger-250-ml-dose\/"},"modified":"2022-02-12T13:52:27","modified_gmt":"2022-02-12T12:52:27","slug":"kuehler-reiniger-250-ml-dose","status":"publish","type":"product","link":"https:\/\/carlofon-shop.de\/shop\/produkt\/kuehler-reiniger-250-ml-dose\/","title":{"rendered":"K\u00fchler-Reiniger 250 ml Dose"},"content":{"rendered":"<p>Konzentrat zur Reinigung von K\u00fchlkreisl\u00e4ufen, speziell im Kraftfahrzeug.<br \/> L\u00f6st kalk-und \u00f6lhaltige Verschmutzungen in K\u00fchlern, Heizungen, Leitungen,<br \/> sowie im Motor. Moderne Formulierung aus Komplexbildnern mit reinigungsaktiven Wirkstoffen.<\/p>\n<p>VPE 24<\/p>\n<p> Radiator-Cleaner: Concentrated liquid for the decontamination of<br \/> coolant-systems, especially in motor-vehicles. Will solve oil and<br \/> calcium deposits in radiators, heaters, tubes, and inside the<br \/> engine as well. Up to date formula with complexing and highly<br \/> active agents.<\/p>\n","protected":false},"excerpt":{"rendered":"<p>Konzentrat zur Reinigung von K\u00fchlkreisl\u00e4ufen, speziell im Kraftfahrzeug. L\u00f6st kalk-und \u00f6lhaltige Verschmutzungen in K\u00fchlern, Heizungen, Leitungen, sowie im Motor. Moderne Formulierung aus Komplexbildnern mit reinigungsaktiven Wirkstoffen. VPE 24 Radiator-Cleaner: Concentrated liquid for the decontamination of coolant-systems, especially in motor-vehicles. Will solve oil and calcium deposits in radiators, heaters, tubes, and inside the engine as well. [&hellip;]<\/p>\n","protected":false},"featured_media":3353,"template":"","meta":{"_et_pb_use_builder":"","_et_pb_old_content":"","_et_gb_content_width":""},"product_brand":[],"product_cat":[58],"product_tag":[1332,1550],"class_list":{"0":"post-3354","1":"product","2":"type-product","3":"status-publish","4":"has-post-thumbnail","6":"product_cat-reinigung-und-pflege","7":"product_tag-carlofon","8":"product_tag-kuehlerreiniger","10":"first","11":"instock","12":"taxable","13":"shipping-taxable","14":"product-type-simple"},"_links":{"self":[{"href":"https:\/\/carlofon-shop.de\/shop\/wp-json\/wp\/v2\/product\/3354","targetHints":{"allow":["GET"]}}],"collection":[{"href":"https:\/\/carlofon-shop.de\/shop\/wp-json\/wp\/v2\/product"}],"about":[{"href":"https:\/\/carlofon-shop.de\/shop\/wp-json\/wp\/v2\/types\/product"}],"wp:featuredmedia":[{"embeddable":true,"href":"https:\/\/carlofon-shop.de\/shop\/wp-json\/wp\/v2\/media\/3353"}],"wp:attachment":[{"href":"https:\/\/carlofon-shop.de\/shop\/wp-json\/wp\/v2\/media?parent=3354"}],"wp:term":[{"taxonomy":"product_brand","embeddable":true,"href":"https:\/\/carlofon-shop.de\/shop\/wp-json\/wp\/v2\/product_brand?post=3354"},{"taxonomy":"product_cat","embeddable":true,"href":"https:\/\/carlofon-shop.de\/shop\/wp-json\/wp\/v2\/product_cat?post=3354"},{"taxonomy":"product_tag","embeddable":true,"href":"https:\/\/carlofon-shop.de\/shop\/wp-json\/wp\/v2\/product_tag?post=3354"}],"curies":[{"name":"wp","href":"https:\/\/api.w.org\/{rel}","templated":true}]}}