{"id":3176,"date":"2021-07-01T17:54:10","date_gmt":"2021-07-01T15:54:10","guid":{"rendered":"https:\/\/carlofon-shop.de\/shop\/produkt\/noxudol-1100-wasserbasierender-verschleiss-und-rostschutz-1-liter\/"},"modified":"2025-01-17T11:59:45","modified_gmt":"2025-01-17T10:59:45","slug":"noxudol-1100-wasserbasierender-verschleiss-und-rostschutz-1-liter","status":"publish","type":"product","link":"https:\/\/carlofon-shop.de\/shop\/produkt\/noxudol-1100-wasserbasierender-verschleiss-und-rostschutz-1-liter\/","title":{"rendered":"Noxudol 1100 Wasserbasierender Verschlei\u00df- und Rostschutz 1 Liter"},"content":{"rendered":"<p>Noxudol 1100 ist ein wasserwasserbasierender und einfach anzuwendender Rostschutz mit hervorragenden Korrosionsschutzeigenschaften f\u00fcr Radk\u00e4sten und Unterb\u00f6den von Fahrzeugen. Das Material hat eine sehr gute Anhaftung und bildet nach dem Trocknen einen matten, trockenen und elastischen Schutzfilm. Noxudol 100 sch\u00fctzt vor Besch\u00e4digungen durch herumfliegende Steine, Eis und anderen mechanischen Einfl\u00fcssen.<\/p>\n","protected":false},"excerpt":{"rendered":"<p>Noxudol 1100 ist ein wasserwasserbasierender und einfach anzuwendender Rostschutz mit hervorragenden Korrosionsschutzeigenschaften f\u00fcr Radk\u00e4sten und Unterb\u00f6den von Fahrzeugen. Das Material hat eine sehr gute Anhaftung und bildet nach dem Trocknen einen matten, trockenen und elastischen Schutzfilm. Noxudol 100 sch\u00fctzt vor Besch\u00e4digungen durch herumfliegende Steine, Eis und anderen mechanischen Einfl\u00fcssen.<\/p>\n","protected":false},"featured_media":3175,"template":"","meta":{"_et_pb_use_builder":"","_et_pb_old_content":"","_et_gb_content_width":""},"product_brand":[],"product_cat":[1978],"product_tag":[1608,1332,1606,1503],"class_list":{"0":"post-3176","1":"product","2":"type-product","3":"status-publish","4":"has-post-thumbnail","6":"product_cat-korrosionsschutz","7":"product_tag-1608","8":"product_tag-carlofon","9":"product_tag-noxudol","10":"product_tag-rostschutz","12":"first","13":"instock","14":"taxable","15":"shipping-taxable","16":"product-type-simple"},"_links":{"self":[{"href":"https:\/\/carlofon-shop.de\/shop\/wp-json\/wp\/v2\/product\/3176","targetHints":{"allow":["GET"]}}],"collection":[{"href":"https:\/\/carlofon-shop.de\/shop\/wp-json\/wp\/v2\/product"}],"about":[{"href":"https:\/\/carlofon-shop.de\/shop\/wp-json\/wp\/v2\/types\/product"}],"wp:featuredmedia":[{"embeddable":true,"href":"https:\/\/carlofon-shop.de\/shop\/wp-json\/wp\/v2\/media\/3175"}],"wp:attachment":[{"href":"https:\/\/carlofon-shop.de\/shop\/wp-json\/wp\/v2\/media?parent=3176"}],"wp:term":[{"taxonomy":"product_brand","embeddable":true,"href":"https:\/\/carlofon-shop.de\/shop\/wp-json\/wp\/v2\/product_brand?post=3176"},{"taxonomy":"product_cat","embeddable":true,"href":"https:\/\/carlofon-shop.de\/shop\/wp-json\/wp\/v2\/product_cat?post=3176"},{"taxonomy":"product_tag","embeddable":true,"href":"https:\/\/carlofon-shop.de\/shop\/wp-json\/wp\/v2\/product_tag?post=3176"}],"curies":[{"name":"wp","href":"https:\/\/api.w.org\/{rel}","templated":true}]}}