{"id":3106,"date":"2021-07-01T17:53:38","date_gmt":"2021-07-01T15:53:38","guid":{"rendered":"https:\/\/carlofon-shop.de\/shop\/produkt\/profi-abdeckband-100c-19-mm-x-50-m-rolle\/"},"modified":"2022-02-12T13:57:14","modified_gmt":"2022-02-12T12:57:14","slug":"profi-abdeckband-100c-19-mm-x-50-m-rolle","status":"publish","type":"product","link":"https:\/\/carlofon-shop.de\/shop\/produkt\/profi-abdeckband-100c-19-mm-x-50-m-rolle\/","title":{"rendered":"Profi Abdeckband 100\u00b0C Rolle"},"content":{"rendered":"<p>Abdeckband in verschiedenen Gr\u00f6\u00dfen. Hochwertiges<\/p>\n<p>Abdeckband f\u00fcr Lackierarbeiten bis 100\u00b0C.<\/p>\n<p>Professional-maskingtape. High quality masking tape<\/p>\n<p>for masking jobs up to 100\u00b0C.<\/p>\n","protected":false},"excerpt":{"rendered":"<p>Abdeckband in verschiedenen Gr\u00f6\u00dfen. Hochwertiges Abdeckband f\u00fcr Lackierarbeiten bis 100\u00b0C. Professional-maskingtape. High quality masking tape for masking jobs up to 100\u00b0C.<\/p>\n","protected":false},"featured_media":3105,"template":"","meta":{"_et_pb_use_builder":"","_et_pb_old_content":"","_et_gb_content_width":""},"product_brand":[],"product_cat":[48],"product_tag":[1635,1332],"class_list":{"0":"post-3106","1":"product","2":"type-product","3":"status-publish","4":"has-post-thumbnail","6":"product_cat-verbrauchsmaterialien","7":"product_tag-abdeckband","8":"product_tag-carlofon","10":"first","11":"instock","12":"taxable","13":"shipping-taxable","14":"product-type-variable"},"_links":{"self":[{"href":"https:\/\/carlofon-shop.de\/shop\/wp-json\/wp\/v2\/product\/3106","targetHints":{"allow":["GET"]}}],"collection":[{"href":"https:\/\/carlofon-shop.de\/shop\/wp-json\/wp\/v2\/product"}],"about":[{"href":"https:\/\/carlofon-shop.de\/shop\/wp-json\/wp\/v2\/types\/product"}],"wp:featuredmedia":[{"embeddable":true,"href":"https:\/\/carlofon-shop.de\/shop\/wp-json\/wp\/v2\/media\/3105"}],"wp:attachment":[{"href":"https:\/\/carlofon-shop.de\/shop\/wp-json\/wp\/v2\/media?parent=3106"}],"wp:term":[{"taxonomy":"product_brand","embeddable":true,"href":"https:\/\/carlofon-shop.de\/shop\/wp-json\/wp\/v2\/product_brand?post=3106"},{"taxonomy":"product_cat","embeddable":true,"href":"https:\/\/carlofon-shop.de\/shop\/wp-json\/wp\/v2\/product_cat?post=3106"},{"taxonomy":"product_tag","embeddable":true,"href":"https:\/\/carlofon-shop.de\/shop\/wp-json\/wp\/v2\/product_tag?post=3106"}],"curies":[{"name":"wp","href":"https:\/\/api.w.org\/{rel}","templated":true}]}}