{"id":3064,"date":"2021-07-01T17:53:24","date_gmt":"2021-07-01T15:53:24","guid":{"rendered":"https:\/\/carlofon-shop.de\/shop\/produkt\/reinigungstuecher\/"},"modified":"2022-10-12T11:29:21","modified_gmt":"2022-10-12T09:29:21","slug":"reinigungstuecher","status":"publish","type":"product","link":"https:\/\/carlofon-shop.de\/shop\/produkt\/reinigungstuecher\/","title":{"rendered":"Reinigungst\u00fccher eingeschwei\u00dft"},"content":{"rendered":"<p>Reinigungst\u00fccher<\/p>\n","protected":false},"excerpt":{"rendered":"<p>Reinigungst\u00fccher<\/p>\n","protected":false},"featured_media":3063,"template":"","meta":{"_et_pb_use_builder":"","_et_pb_old_content":"","_et_gb_content_width":""},"product_brand":[],"product_cat":[58,48],"product_tag":[1332,1666,1667],"class_list":{"0":"post-3064","1":"product","2":"type-product","3":"status-publish","4":"has-post-thumbnail","6":"product_cat-reinigung-und-pflege","7":"product_cat-verbrauchsmaterialien","8":"product_tag-carlofon","9":"product_tag-reinigungstuch","10":"product_tag-siebdruckrand","12":"first","13":"outofstock","14":"taxable","15":"shipping-taxable","16":"product-type-simple"},"_links":{"self":[{"href":"https:\/\/carlofon-shop.de\/shop\/wp-json\/wp\/v2\/product\/3064","targetHints":{"allow":["GET"]}}],"collection":[{"href":"https:\/\/carlofon-shop.de\/shop\/wp-json\/wp\/v2\/product"}],"about":[{"href":"https:\/\/carlofon-shop.de\/shop\/wp-json\/wp\/v2\/types\/product"}],"wp:featuredmedia":[{"embeddable":true,"href":"https:\/\/carlofon-shop.de\/shop\/wp-json\/wp\/v2\/media\/3063"}],"wp:attachment":[{"href":"https:\/\/carlofon-shop.de\/shop\/wp-json\/wp\/v2\/media?parent=3064"}],"wp:term":[{"taxonomy":"product_brand","embeddable":true,"href":"https:\/\/carlofon-shop.de\/shop\/wp-json\/wp\/v2\/product_brand?post=3064"},{"taxonomy":"product_cat","embeddable":true,"href":"https:\/\/carlofon-shop.de\/shop\/wp-json\/wp\/v2\/product_cat?post=3064"},{"taxonomy":"product_tag","embeddable":true,"href":"https:\/\/carlofon-shop.de\/shop\/wp-json\/wp\/v2\/product_tag?post=3064"}],"curies":[{"name":"wp","href":"https:\/\/api.w.org\/{rel}","templated":true}]}}