{"id":2952,"date":"2021-07-01T17:52:18","date_gmt":"2021-07-01T15:52:18","guid":{"rendered":"https:\/\/carlofon-shop.de\/shop\/produkt\/speed-hm-lc-kartuschen-set\/"},"modified":"2026-03-25T08:27:51","modified_gmt":"2026-03-25T07:27:51","slug":"speed-hm-lc-kartuschen-set","status":"publish","type":"product","link":"https:\/\/carlofon-shop.de\/shop\/produkt\/speed-hm-lc-kartuschen-set\/","title":{"rendered":"Speed Plus \/ Carloflex 9700 Kartuschen Set Scheibenkleber"},"content":{"rendered":"<p>Profi-Set f\u00fcr die Reparaturverglasung. Geeignet f\u00fcr E-Mobility, geeignet f\u00fcr Caravan!<\/p>\n<p>Inhalt:<\/p>\n<p>1x Speed Plus 310ml Kartusche<\/p>\n<p>1x 1-Step-Primer Plus<\/p>\n<p>1x Wollwischer<\/p>\n<p>1x D\u00fcse f\u00fcr Kartusche und eine Arbeitsanleitung<\/p>\n<p>VPE 12<\/p>\n<p>Speed professional repair-set.<\/p>\n<p>Content:<\/p>\n<p>1x Speed Plus 310 ml cartridge<\/p>\n<p>1x 1-Step-Primer Plus<\/p>\n<p>1x woolen wiper<\/p>\n<p>1x extension tube for cartridge and working instructions<\/p>\n","protected":false},"excerpt":{"rendered":"<p>Profi-Set f\u00fcr die Reparaturverglasung. Geeignet f\u00fcr E-Mobility, geeignet f\u00fcr Caravan! Inhalt: 1x Speed Plus 310ml Kartusche 1x 1-Step-Primer Plus 1x Wollwischer 1x D\u00fcse f\u00fcr Kartusche und eine Arbeitsanleitung VPE 12 Speed professional repair-set. Content: 1x Speed Plus 310 ml cartridge 1x 1-Step-Primer Plus 1x woolen wiper 1x extension tube for cartridge and working instructions<\/p>\n","protected":false},"featured_media":7229,"template":"","meta":{"_et_pb_use_builder":"","_et_pb_old_content":"","_et_gb_content_width":""},"product_brand":[],"product_cat":[47],"product_tag":[1332,1714,246,1814,1712,1711,1640],"class_list":{"0":"post-2952","1":"product","2":"type-product","3":"status-publish","4":"has-post-thumbnail","6":"product_cat-scheibenkleber-und-hilfsstoffe","7":"product_tag-carlofon","8":"product_tag-kartuschen-set","9":"product_tag-kleber","10":"product_tag-scheibenkleber","11":"product_tag-scheibenklebstoff","12":"product_tag-set","13":"product_tag-speed","15":"first","16":"instock","17":"taxable","18":"shipping-taxable","19":"product-type-simple"},"_links":{"self":[{"href":"https:\/\/carlofon-shop.de\/shop\/wp-json\/wp\/v2\/product\/2952","targetHints":{"allow":["GET"]}}],"collection":[{"href":"https:\/\/carlofon-shop.de\/shop\/wp-json\/wp\/v2\/product"}],"about":[{"href":"https:\/\/carlofon-shop.de\/shop\/wp-json\/wp\/v2\/types\/product"}],"wp:featuredmedia":[{"embeddable":true,"href":"https:\/\/carlofon-shop.de\/shop\/wp-json\/wp\/v2\/media\/7229"}],"wp:attachment":[{"href":"https:\/\/carlofon-shop.de\/shop\/wp-json\/wp\/v2\/media?parent=2952"}],"wp:term":[{"taxonomy":"product_brand","embeddable":true,"href":"https:\/\/carlofon-shop.de\/shop\/wp-json\/wp\/v2\/product_brand?post=2952"},{"taxonomy":"product_cat","embeddable":true,"href":"https:\/\/carlofon-shop.de\/shop\/wp-json\/wp\/v2\/product_cat?post=2952"},{"taxonomy":"product_tag","embeddable":true,"href":"https:\/\/carlofon-shop.de\/shop\/wp-json\/wp\/v2\/product_tag?post=2952"}],"curies":[{"name":"wp","href":"https:\/\/api.w.org\/{rel}","templated":true}]}}